{"id":1880,"date":"2022-05-23T06:27:03","date_gmt":"2022-05-23T06:27:03","guid":{"rendered":"https:\/\/nags.ch\/?post_type=datei&#038;p=1880"},"modified":"2022-05-23T06:28:44","modified_gmt":"2022-05-23T06:28:44","slug":"grenzen-u-moeglichkeiten-koerperinterventionen-u-verbale-deeskalation-im-setting-kognitive-beeintraechtigung","status":"publish","type":"datei","link":"https:\/\/nags.ch\/index.php\/datei\/grenzen-u-moeglichkeiten-koerperinterventionen-u-verbale-deeskalation-im-setting-kognitive-beeintraechtigung\/","title":{"rendered":"Vortrag MV NAGS 09.05.2022  Grenzen u. M\u00f6glichkeiten K\u00f6rperinterventionen u. verbale Deeskalation im Setting kognitive Beeintr\u00e4chtigung"},"template":"","meta":{"_acf_changed":false},"class_list":["post-1880","datei","type-datei","status-publish","hentry"],"acf":[],"_links":{"self":[{"href":"https:\/\/nags.ch\/index.php\/wp-json\/wp\/v2\/datei\/1880","targetHints":{"allow":["GET"]}}],"collection":[{"href":"https:\/\/nags.ch\/index.php\/wp-json\/wp\/v2\/datei"}],"about":[{"href":"https:\/\/nags.ch\/index.php\/wp-json\/wp\/v2\/types\/datei"}],"wp:attachment":[{"href":"https:\/\/nags.ch\/index.php\/wp-json\/wp\/v2\/media?parent=1880"}],"curies":[{"name":"wp","href":"https:\/\/api.w.org\/{rel}","templated":true}]}}

Vortrag MV NAGS 09.05.2022  Grenzen u. Möglichkeiten Körperinterventionen u. verbale Deeskalation im Setting kognitive Beeinträchtigung
