{"id":1942,"date":"2022-08-06T10:16:31","date_gmt":"2022-08-06T10:16:31","guid":{"rendered":"https:\/\/nags.ch\/?post_type=datei&#038;p=1942"},"modified":"2022-10-20T18:23:11","modified_gmt":"2022-10-20T18:23:11","slug":"das-alter-der-gefuehle-ueber-die-bedeutung-der-emotionalen-entwicklung-bei-geistiger-behinderung-2-ueberarbeitete-auflage-fachbuch-tanja-sappok-sabine-zepperitz-2019","status":"publish","type":"datei","link":"https:\/\/nags.ch\/index.php\/datei\/das-alter-der-gefuehle-ueber-die-bedeutung-der-emotionalen-entwicklung-bei-geistiger-behinderung-2-ueberarbeitete-auflage-fachbuch-tanja-sappok-sabine-zepperitz-2019\/","title":{"rendered":"Das Alter der Gef\u00fchle: \u00dcber die Bedeutung der emotionalen Entwicklung bei geistiger Behinderung (2. \u00dcberarbeitete Auflage \/ Fachbuch \/ Tanja Sappok, Sabine Zepperitz \/ 2019 \/ https:\/\/www.hogrefe.com\/de\/shop\/das-alter-der-gefuehle-91020.html"},"template":"","meta":{"_acf_changed":false},"class_list":["post-1942","datei","type-datei","status-publish","hentry"],"acf":[],"_links":{"self":[{"href":"https:\/\/nags.ch\/index.php\/wp-json\/wp\/v2\/datei\/1942","targetHints":{"allow":["GET"]}}],"collection":[{"href":"https:\/\/nags.ch\/index.php\/wp-json\/wp\/v2\/datei"}],"about":[{"href":"https:\/\/nags.ch\/index.php\/wp-json\/wp\/v2\/types\/datei"}],"wp:attachment":[{"href":"https:\/\/nags.ch\/index.php\/wp-json\/wp\/v2\/media?parent=1942"}],"curies":[{"name":"wp","href":"https:\/\/api.w.org\/{rel}","templated":true}]}}

Das Alter der Gefühle: Über die Bedeutung der emotionalen Entwicklung bei geistiger Behinderung (2. Überarbeitete Auflage / Fachbuch / Tanja Sappok, Sabine Zepperitz / 2019 / https://www.hogrefe.com/de/shop/das-alter-der-gefuehle-91020.html
